{"id":881,"date":"2009-08-16T22:45:17","date_gmt":"2009-08-16T19:45:17","guid":{"rendered":"http:\/\/www.mutfakbocugu.com\/?page_id=881"},"modified":"2012-02-29T07:48:33","modified_gmt":"2012-02-29T07:48:33","slug":"baglantilar","status":"publish","type":"page","link":"http:\/\/www.mutfakbocugu.com\/?page_id=881","title":{"rendered":"Ba\u011flant\u0131lar"},"content":{"rendered":"<p><a href=\"http:\/\/www.portakalagaci.com\/\" target=\"_blank\">Portakal A\u011fac\u0131<\/a><br \/>\n<a href=\"http:\/\/aysultan.blogspot.com\/\" target=\"_blank\">Ay Sultannn<\/a><\/p>\n<p><a href=\"http:\/\/www.pastacikiz.com\/\" target=\"_blank\">Pastac\u0131 K\u0131z<\/a><\/p>\n<p><a href=\"http:\/\/www.boncukmutfakta.com\/\" target=\"_blank\">Boncuk<\/a><\/p>\n<p><a href=\"http:\/\/ufukmutfakta.blogspot.com\/\" target=\"_blank\">Ufuk<\/a><\/p>\n<p><a href=\"http:\/\/disalce.blogspot.com\/\" target=\"_blank\">Disal<\/a><\/p>\n<p><a href=\"http:\/\/olsadayesek.blogspot.com\/\" target=\"_blank\">Hansa<\/a><\/p>\n<p><a href=\"http:\/\/www.birseninmutfagi.com\/\" target=\"_blank\">Birsence<\/a><\/p>\n<p><a href=\"http:\/\/papatya.kizkulesi.net\/\" target=\"_blank\">Papatya Prenses<\/a><br \/>\n<a href=\"http:\/\/cafefernando.com\/turkce\/\" target=\"_blank\">Cenk<\/a><br \/>\n<a href=\"http:\/\/www.sihirlikepce.blogspot.com\/\" target=\"_blank\">Sihirli Kep\u00e7e<\/a><br \/>\n<a href=\"http:\/\/pembetatlar.blogspot.com\/\" target=\"_blank\">Kristal Kelebek<br \/>\nPembe Tatlar<\/a><br \/>\n<a href=\"http:\/\/www.burcinindenemeleri.com\/\" target=\"_blank\">Bur\u00e7in&#8217;in Denemeleri<\/a><br \/>\n<a href=\"http:\/\/hunerlibayanlar.blogspot.com\/\" target=\"_blank\">H\u00fcnerli Bayanlar<\/a><br \/>\n<a href=\"http:\/\/www.daksari.com\/\" target=\"_blank\">dAksari Blog<\/a><\/p>\n","protected":false},"excerpt":{"rendered":"<p>Portakal A\u011fac\u0131 Ay Sultannn Pastac\u0131 K\u0131z Boncuk Ufuk Disal Hansa Birsence Papatya Prenses Cenk Sihirli Kep\u00e7e Kristal Kelebek Pembe Tatlar Bur\u00e7in&#8217;in Denemeleri H\u00fcnerli Bayanlar dAksari Blog<\/p>\n","protected":false},"author":1,"featured_media":0,"parent":0,"menu_order":0,"comment_status":"open","ping_status":"open","template":"","meta":{"footnotes":""},"class_list":["post-881","page","type-page","status-publish","hentry"],"_links":{"self":[{"href":"http:\/\/www.mutfakbocugu.com\/index.php?rest_route=\/wp\/v2\/pages\/881","targetHints":{"allow":["GET"]}}],"collection":[{"href":"http:\/\/www.mutfakbocugu.com\/index.php?rest_route=\/wp\/v2\/pages"}],"about":[{"href":"http:\/\/www.mutfakbocugu.com\/index.php?rest_route=\/wp\/v2\/types\/page"}],"author":[{"embeddable":true,"href":"http:\/\/www.mutfakbocugu.com\/index.php?rest_route=\/wp\/v2\/users\/1"}],"replies":[{"embeddable":true,"href":"http:\/\/www.mutfakbocugu.com\/index.php?rest_route=%2Fwp%2Fv2%2Fcomments&post=881"}],"version-history":[{"count":5,"href":"http:\/\/www.mutfakbocugu.com\/index.php?rest_route=\/wp\/v2\/pages\/881\/revisions"}],"predecessor-version":[{"id":883,"href":"http:\/\/www.mutfakbocugu.com\/index.php?rest_route=\/wp\/v2\/pages\/881\/revisions\/883"}],"wp:attachment":[{"href":"http:\/\/www.mutfakbocugu.com\/index.php?rest_route=%2Fwp%2Fv2%2Fmedia&parent=881"}],"curies":[{"name":"wp","href":"https:\/\/api.w.org\/{rel}","templated":true}]}}